of 117 and h.
13
Let h be 6/(-24) + 59/(-4). Suppose 124 = -4*n + 16. Let a = h - n. What is the highest common factor of 4 and a?
4
Let v(y) = 7*y + 14. Let c be v(7). Calculate the highest common divisor of 7 and c.
7
Let k(s) = s**3 - 2*s**2 + 3*s - 10. Let p be k(7). Calculate the highest common factor of 16 and p.
16
Let r = -19 + 45. Let t(s) = s**3 + 3*s**2 + 3. Let j be t(-3). Suppose -j*d = -8*d + 65. What is the greatest common factor of r and d?
13
Suppose -3*j + 3*h + 327 = -192, -4*j = 4*h - 732. Suppose 5*y - 102 = j. Calculate the greatest common divisor of 8 and y.
8
Let k(b) = 21*b + 1. Let n be k(3). What is the highest common factor of 48 and n?
16
Let d = -4 - -19. Suppose -n + 204 = 52. Let q be 1*n - 12/6. What is the highest common factor of d and q?
15
Suppose 8 = n - 2. Calculate the highest common factor of n and 2.
2
Suppose 0*t + v + 52 = 3*t, -5*v - 100 = -5*t. What is the greatest common factor of 176 and t?
16
Suppose g - 2*g + 22 = 0. Let s be (-32)/(-3) - 1/(-3). What is the highest common divisor of s and g?
11
Let x(q) = -q**2 + q. Let b(w) = 5*w**2 - 8*w - 4. Let g(f) = b(f) + 4*x(f). Let y be g(6). What is the highest common divisor of 24 and y?
8
Suppose 4*k - 124 = -2*p, 3*p = 4*p + 5*k - 65. Calculate the highest common factor of 10 and p.
10
Let x be (0 + 7)*(14 + -1). What is the highest common divisor of 13 and x?
13
Let g = -113 - -163. Calculate the greatest common factor of g and 25.
25
Let a = 0 - 6. Let i be 16/(-12)*(a + 0). Suppose 0*p + 3*k + 22 = 4*p, -20 = -4*p + 2*k. Calculate the greatest common factor of p and i.
4
Suppose -h - 2*q + 15 = 0, 0*q + 6 = -2*q. Calculate the greatest common factor of h and 63.
21
Let d = -65 + 110. Let w = -27 + d. What is the greatest common divisor of 27 and w?
9
Suppose 0*s - s + 6 = 0. Let n be -22*(-3)/s*11. What is the highest common divisor of n and 11?
11
Suppose -3*c - 3*c + 72 = 0. Calculate the highest common divisor of c and 60.
12
Let p(i) be the first derivative of i**3/3 - i**2/2 - 4*i - 4. Let w be p(-3). Let u be 174/w + (-3)/(-12). What is the greatest common factor of 55 and u?
11
Let l(v) = -2*v + 90. Let q be l(0). Calculate the highest common divisor of 10 and q.
10
Let a = 12 + -7. Suppose 2*q - 3 = -3*h - 4, h = 2*q + a. Let z be 12*(4/(-6) + h). What is the greatest common divisor of 6 and z?
2
Let c(d) = 3*d**2 - 5. Let i be c(3). What is the greatest common divisor of 198 and i?
22
Suppose 2*m - 24 = 6. Let h(s) = -s**3 - 14*s**2 - 3*s + 18. Let v be h(-14). What is the greatest common factor of m and v?
15
Let f be (1*-1)/(7/49). Let o = f + 10. What is the highest common factor of o and 2?
1
Let w(t) be the second derivative of t**4/6 + t**3/6 - t**2 - 2*t. Let a be w(-2). Suppose 3*i - a - 2 = 0. What is the highest common divisor of i and 2?
2
Suppose 3 + 1 = d. Suppose -2*v + 10 = 3*s - 12, 3*v + d*s = 31. Suppose -2*b = -v*b + 39. What is the greatest common divisor of 26 and b?
13
Let g = -2 - -5. Suppose 0 - 9 = -g*w. Suppose -x = -3*r - r + 29, w*x + 15 = 3*r. What is the greatest common factor of 16 and r?
8
Let b(i) = 7*i**3 + i**2 - i. Let v be b(1). Let u be 2/v - (-52)/14. Let r be (44/12)/((-2)/(-24)). What is the greatest common factor of u and r?
4
Suppose 2*b + 112 = -4*n, -5*n - 5*b = -n + 106. Let v = n + 65. Calculate the highest common factor of 24 and v.
12
Suppose -7*t + 12 + 44 = 0. Calculate the greatest common factor of t and 88.
8
Let v = 79 + -74. Calculate the highest common divisor of v and 5.
5
Let b be 1/((-64)/(-20) + -3). Calculate the highest common factor of b and 2.
1
Let y(m) = 14*m**2 - m + 2. Let n be y(-2). What is the greatest common factor of n and 24?
12
Let t = -49 + 181. Let z be (-4)/(-16) - 154/8. Let i = z - -31. Calculate the highest common factor of t and i.
12
Suppose 11*v - v = 1560. What is the greatest common divisor of 117 and v?
39
Let c = -9 + 21. Let t(v) = -v**2 + 2*v - 2. Let s be t(3). Let h(a) = -5*a - 1. Let g be h(s). Calculate the highest common divisor of g and c.
12
Suppose 0 = -4*u + u + 5*w + 35, 5*w + 5 = u. Calculate the greatest common factor of u and 135.
15
Suppose h + 33 = -10. Let g = h + 65. What is the greatest common factor of 2 and g?
2
Let s(c) = -c**3 - c**2 - c + 22. Let k be s(0). Calculate the greatest common divisor of k and 33.
11
Let s be (3940/(-110) - (-2)/(-11))/(-1). What is the highest common divisor of s and 18?
18
Let q(w) = 41*w + 1. Let h be q(1). Let r be 3/(63/(-14))*(-10 + 1). What is the highest common factor of h and r?
6
Suppose 3*u + u = 60. Suppose -2*p - 16 = -4*v, -v + 7 = -2*v - 5*p. Calculate the highest common divisor of v and u.
3
Let g(t) = -t**2 - 7. Let k be g(0). Let v = k + 10. Suppose n = -4*z + v*z + 5, 5*n - 2*z = 60. Calculate the greatest common divisor of 20 and n.
10
Suppose 3*q = -4*h - 76, -3*h - 68 = -0*h + 5*q. Let o be (-8)/(-6) + (-4)/(-6). Let r = o - h. Calculate the greatest common factor of 54 and r.
18
Let y be (-430)/(-5) + (2 - 3). What is the greatest common divisor of 17 and y?
17
Suppose -2*x = 3*g - 316, 2*x = 2 - 10. What is the greatest common divisor of g and 12?
12
Let s = -18 - -12. Let c(v) = v**2 + 5*v + 2. Let p be c(s). Suppose -8 = 2*w - 3*w. Calculate the greatest common divisor of w and p.
8
Suppose -x - 6*s - 3 = -s, 2*x + 5*s + 6 = 0. Let y be -3 + (-11 - x)*-1. Calculate the greatest common divisor of 45 and y.
5
Let c be 0*(-3 - -2) + 22. Let t be c/(4 + (-4)/2). Suppose 3*r - 14 = 19. Calculate the highest common factor of t and r.
11
Suppose 5*u - 21 = o - 0*o, -4*u + 20 = -4*o. Let c = o - -1. Suppose -y + 25 = -c*y. Calculate the greatest common divisor of 5 and y.
5
Let m(q) = q**2 + 5*q + 7. Let h be m(-5). Let d(s) = 3*s + 3. Let t be d(h). Calculate the greatest common divisor of 96 and t.
24
Let l(a) = -3*a. Let o be l(-8). Let b be 2/(-3)*(-8 - -10)*-6. Calculate the greatest common divisor of o and b.
8
Let c(k) = k - 8. Let i = 13 - 5. Let f be c(i). Suppose 4*n - 40 - 80 = f. What is the highest common divisor of 45 and n?
15
Let n be -2 + 5/((-15)/(-12)). Suppose -1 = -x - w, -4*x + 8 - 2 = n*w. Suppose 8 = x*g - 4. What is the highest common factor of 2 and g?
2
Let i be (18/(-15))/((-1)/(-5)). Let h be (i - -9)*20/6. What is the greatest common factor of 4 and h?
2
Suppose -x = 3*m - 146, -5*x = 5*m + 8 - 258. What is the greatest common factor of 16 and m?
16
Suppose 0*q + 5*i = 5*q - 15, -3*q = -2*i - 11. Let o be (-125)/(-10)*(3 + -1). Calculate the greatest common factor of q and o.
5
Suppose -3*a + 8 = -a. Let g be 4/18 - 25/(-9). Suppose 604 = d + a*d + n, g*n = 5*d - 588. What is the greatest common divisor of d and 15?
15
Let p = 41 + -59. Let d(v) = 3*v - 1. Let s be d(-1). Let y be (-634)/p - s/(-18). Calculate the highest common divisor of y and 5.
5
Let n be (210/(-4))/((-8)/16). What is the highest common factor of 15 and n?
15
Let k(x) = x**2 - x - 2. Suppose 2*p = -0*p + 2*i + 26, 4*p - 3*i = 48. Suppose -3*j + p = -0*j. Let l be k(j). What is the highest common factor of l and 8?
4
Let v(y) be the third derivative of 5*y**4/24 + y**3/6 - y**2. Let u be v(1). What is the greatest common divisor of 12 and u?
6
Suppose m = o, -m + 2 = -o + m. Suppose o*y - 18 = -y. Let w be (4/y)/((-4)/(-120)). Calculate the greatest common factor of 10 and w.
10
Suppose 7 = -4*s - 5*n + 28, -4*s + 14 = -2*n. Calculate the greatest common divisor of 68 and s.
4
Suppose 3*g = -2*g + 130. Calculate the highest common factor of 208 and g.
26
Suppose -2*z - 4 = -0*z, -3 = -3*k + 3*z. Let x be k/3 - 60/(-18). Calculate the greatest common factor of x and 15.
3
Let w(u) = -21*u - 4. Let s be w(-2). Calculate the greatest common factor of s and 190.
38
Suppose 0 = 2*r - 2*g - 16, -r + 5*r - 48 = -4*g. Calculate the highest common factor of r and 10.
10
Let o be (-606 - 4/(-2))/(-1). Suppose 0 = -0*f - 2*f + o. Let c be 9/6 + f/4. Calculate the highest common factor of c and 11.
11
Suppose f - 10 = -4*f, -4*q - 5*f = -58. Calculate the greatest common factor of 12 and q.
12
Let y(g) = -g + 11. Let r = -8 + 4. Let v(k) = -k**2 - 4*k. Let j be v(r). Let p be y(j). Calculate the greatest common divisor of 1 and p.
1
Let k(u) = -54*u + 6. Let w be k(-6). What is the greate